{"id":23,"date":"2023-04-19T21:19:45","date_gmt":"2023-04-19T21:19:45","guid":{"rendered":"https:\/\/testwebsite.industrietechnik-schulder.de\/?page_id=23"},"modified":"2023-04-19T23:07:02","modified_gmt":"2023-04-19T23:07:02","slug":"datenschutz","status":"publish","type":"page","link":"https:\/\/industrietechnik-schulder.de\/?page_id=23","title":{"rendered":"Datenschutz"},"content":{"rendered":"\n<div style=\"height:100px\" aria-hidden=\"true\" class=\"wp-block-spacer\"><\/div>\n\n\n\n<div class=\"wp-block-group alignwide\"><div class=\"wp-block-group__inner-container is-layout-constrained wp-block-group-is-layout-constrained\">\n<h2 class=\"wp-block-heading\"><strong><u>Wer ist f\u00fcr die Erhebung Ihrer Daten verantwortlich?<\/u><\/strong><\/h2>\n\n\n\n<p>Diese Datenschutz-Information gilt f\u00fcr die Datenverarbeitung durch:<\/p>\n\n\n\n<p>Verantwortlicher: Hans-Uwe Schulder<\/p>\n\n\n\n<p>Industrietechnik Schulder<\/p>\n\n\n\n<p>Schindelrangen 2<\/p>\n\n\n\n<p>D-91245 Simmelsdorf Deutschland<\/p>\n\n\n\n<p>Email: <a href=\"mailto:info@industrietechnik-schulder.de\">info@industrietechnik-schulder.de<\/a><\/p>\n\n\n\n<p><\/p>\n\n\n\n<p>Telefon: +49 9155 679 2960<\/p>\n\n\n\n<ol class=\"wp-block-list\" start=\"2\">\n<li><strong><u>Welche personenbezogener Daten werden erhoben und gespeichert und f\u00fcr welchen Zweck ?<\/u><\/strong><\/li>\n\n\n\n<li>a) Beim Besuch der Website<\/li>\n<\/ol>\n\n\n\n<p>Beim Aufrufen unserer Website&nbsp;<strong><a href=\"http:\/\/www.industrietechnik-schneider.de\" target=\"_blank\" rel=\"noreferrer noopener\">www.industrietechnik-schulder.de<\/a> <\/strong>werden durch den auf Ihrem Endger\u00e4t zum Einsatz kommenden Browser automatisch Informationen an den Server unserer Website gesendet. Diese Informationen werden tempor\u00e4r in einem sog. Logfile gespeichert. Folgende Informationen werden dabei ohne Ihr Zutun erfasst und bis zur automatisierten L\u00f6schung gespeichert:<\/p>\n\n\n\n<ul class=\"wp-block-list\">\n<li>IP-Adresse des anfragenden Rechners,<\/li>\n\n\n\n<li>Datum und Uhrzeit des Zugriffs,<\/li>\n\n\n\n<li>Name und URL der abgerufenen Datei,<\/li>\n\n\n\n<li>Website, von der aus der Zugriff erfolgt (Referrer-URL),<\/li>\n\n\n\n<li>verwendeter Browser und ggf. das Betriebssystem Ihres Rechners sowie der Name Ihres Access-Providers.<\/li>\n<\/ul>\n\n\n\n<p>Die genannten Daten werden durch uns zu folgenden Zwecken verarbeitet:<\/p>\n\n\n\n<ul class=\"wp-block-list\">\n<li>Gew\u00e4hrleistung eines reibungslosen Verbindungsaufbaus der Website,<\/li>\n\n\n\n<li>Gew\u00e4hrleistung einer komfortablen Nutzung unserer Website,<\/li>\n\n\n\n<li>Auswertung der Systemsicherheit und -stabilit\u00e4t sowie<\/li>\n\n\n\n<li>zu weiteren administrativen Zwecken.<\/li>\n<\/ul>\n\n\n\n<p>Die Rechtsgrundlage f\u00fcr die Datenverarbeitung ist Art.&nbsp;6 Abs.&nbsp;1 S.&nbsp;1 lit.&nbsp;f DSGVO.<\/p>\n\n\n\n<p>Unser berechtigtes Interesse folgt aus oben aufgelisteten Zwecken zur Datenerhebung. In keinem Fall verwenden wir die erhobenen Daten zu dem Zweck, R\u00fcckschl\u00fcsse auf Ihre Person zu ziehen.<\/p>\n\n\n\n<p>Dar\u00fcber hinaus setzen wir beim Besuch unserer Website Cookies sowie Analysedienste ein. N\u00e4here Erl\u00e4uterungen dazu erhalten Sie unter den Ziff. 4 und 5 dieser Datenschutzerkl\u00e4rung.<\/p>\n\n\n\n<ol class=\"wp-block-list\">\n<li>b) Bei einer Kontaktaufnahme mit uns<\/li>\n<\/ol>\n\n\n\n<p>Bei der Verwendung unserer E-Mail Adresse werden personenbezogenen Daten an uns \u00fcbermittelt und gespeichert. Bei einer Anfrage wird davon ausgegangen, dass Sie in die Verarbeitung der uns mitgeteilten Daten (z.B. Name, E-Mail Adresse) einwilligen.<\/p>\n\n\n\n<p>Die Datenverarbeitung erfolgt auf Ihre Kontaktaufnahme hin und ist nach Art. 6 Abs. 1 S. 1 lit. b DSGVO zu den genannten Zwecken f\u00fcr deren angemessene Bearbeitung und zur Durchf\u00fchrung und f\u00fcr die Vertragsanbahnung bzw. f\u00fcr die Erf\u00fcllung des Vertrages (bei Interesse an einem Angebot oder eines Vertrages) erforderlich.<\/p>\n\n\n\n<p>Die f\u00fcr die Kontaktaufnahme und zur Durchf\u00fchrung eines Vertrages von Ihnen freiwillig oder auf Nachfrage \u00fcbermittelten personenbezogenen Daten werden bis zum Ablauf der gesetzlichen Aufbewahrungspflicht gespeichert und danach gel\u00f6scht, es sei denn, dass wir nach Artikel 6 Abs. 1 S. 1 lit. c DSGVO aufgrund von steuer- und handelsrechtlichen Aufbewahrungs- und Dokumentationspflichten zu einer l\u00e4ngeren Speicherung verpflichtet sind oder Sie in eine dar\u00fcber hinausgehende Speicherung nach Art. 6 Abs. 1 S. 1 lit. a DSGVO eingewilligt haben.<\/p>\n\n\n\n<ol class=\"wp-block-list\" start=\"3\">\n<li><strong><u>Erfolgt eine Weitergabe Ihrer Daten an Dritte?<\/u><\/strong><\/li>\n<\/ol>\n\n\n\n<p>Eine \u00dcbermittlung Ihrer pers\u00f6nlichen Daten an Dritte zu anderen als den im Folgenden aufgef\u00fchrten Zwecken findet nicht statt. Eine Weitergabe an externe Dritte erfolgt nur insoweit wie diese f\u00fcr die Vertragsabwicklung notwendig ist, namentlich in erster Linie an Dienstleister wie Post- und Zustellunternehmen, die durch uns Ihre Adresse zwecks Zustellung von etwaigen Unterlagen oder Rechnungen erhalten. Die Auswahl dieser Dienstleister erfolgt unsererseits nach bestem Wissen und Gewissen.<\/p>\n\n\n\n<p>Wir geben Ihre pers\u00f6nlichen Daten nur an Dritte weiter, wenn:<\/p>\n\n\n\n<ul class=\"wp-block-list\">\n<li>Sie Ihre nach Art. 6 Abs. 1 S. 1 lit. a DSGVO ausdr\u00fcckliche Einwilligung dazu erteilt haben,<\/li>\n\n\n\n<li>die Weitergabe nach Art. 6 Abs. 1 S. 1 lit. f DSGVO zur Geltendmachung, Aus\u00fcbung oder Verteidigung von Rechtsanspr\u00fcchen erforderlich ist und kein Grund zur Annahme besteht, dass Sie ein \u00fcberwiegendes schutzw\u00fcrdiges Interesse an der Nichtweitergabe Ihrer Daten haben,<\/li>\n\n\n\n<li>f\u00fcr den Fall, dass f\u00fcr die Weitergabe nach Art. 6 Abs. 1 S. 1 lit. c DSGVO eine gesetzliche Verpflichtung besteht, sowie<\/li>\n\n\n\n<li>dies gesetzlich zul\u00e4ssig und nach Art. 6 Abs. 1 S. 1 lit. b DSGVO f\u00fcr die Abwicklung von Vertragsverh\u00e4ltnissen mit Ihnen erforderlich ist.<\/li>\n<\/ul>\n\n\n\n<ol class=\"wp-block-list\" start=\"4\">\n<li><strong><u>Was sind Cookies und wof\u00fcr werden diese verwendet?<\/u><\/strong><\/li>\n<\/ol>\n\n\n\n<p>Wir setzen auf unserer Seite Cookies ein. Hierbei handelt es sich um kleine Dateien, die Ihr Browser automatisch erstellt und die auf Ihrem Endger\u00e4t (Laptop, Tablet, Smartphone o.\u00e4.) gespeichert werden, wenn Sie unsere Seite besuchen. Cookies richten auf Ihrem Endger\u00e4t keinen Schaden an, enthalten keine Viren, Trojaner oder sonstige Schadsoftware.<\/p>\n\n\n\n<p>In dem Cookie werden Informationen abgelegt, die sich jeweils im Zusammenhang mit dem spezifisch eingesetzten Endger\u00e4t ergeben. Dies bedeutet jedoch nicht, dass wir dadurch unmittelbar Kenntnis von Ihrer Identit\u00e4t erhalten.<\/p>\n\n\n\n<p>Der Einsatz von Cookies dient einerseits dazu, die Nutzung unseres Angebots f\u00fcr Sie angenehmer zu gestalten. So setzen wir sogenannte Session-Cookies ein, um zu erkennen, dass Sie einzelne Seiten unserer Website bereits besucht haben. Diese werden nach Verlassen unserer Seite automatisch gel\u00f6scht.<\/p>\n\n\n\n<p>Dar\u00fcber hinaus setzen wir ebenfalls zur Optimierung der Benutzerfreundlichkeit tempor\u00e4re Cookies ein, die f\u00fcr einen bestimmten festgelegten Zeitraum auf Ihrem Endger\u00e4t gespeichert werden. Besuchen Sie unsere Seite erneut, um unsere Dienste in Anspruch zu nehmen, wird automatisch erkannt, dass Sie bereits bei uns waren und welche Eingaben und Einstellungen sie get\u00e4tigt haben, um diese nicht noch einmal eingeben zu m\u00fcssen.<\/p>\n\n\n\n<p>Zum anderen setzten wir Cookies ein, um die Nutzung unserer Website statistisch zu erfassen und zum Zwecke der Optimierung unseres Angebotes f\u00fcr Sie auszuwerten (siehe Ziff.&nbsp;5). Diese Cookies erm\u00f6glichen es uns, bei einem erneuten Besuch unserer Seite automatisch zu erkennen, dass Sie bereits bei uns waren. Diese Cookies werden nach einer jeweils definierten Zeit automatisch gel\u00f6scht.<\/p>\n\n\n\n<p>Die durch Cookies verarbeiteten Daten sind f\u00fcr die genannten Zwecke zur Wahrung unserer berechtigten Interessen sowie der Dritter nach Art.&nbsp;6 Abs.&nbsp;1 S.&nbsp;1 lit.&nbsp;f DSGVO erforderlich.<\/p>\n\n\n\n<p>Die meisten Browser akzeptieren Cookies automatisch. Sie k\u00f6nnen Ihren Browser jedoch so konfigurieren, dass keine Cookies auf Ihrem Computer gespeichert werden oder stets ein Hinweis erscheint, bevor ein neuer Cookie angelegt wird. Die vollst\u00e4ndige Deaktivierung von Cookies kann jedoch dazu f\u00fchren, dass Sie nicht alle Funktionen unserer Website nutzen k\u00f6nnen.<\/p>\n\n\n\n<ol class=\"wp-block-list\" start=\"5\">\n<li><strong><u>Hinweis zur Verwendung von Analyse-Tools, Apps, Plugins<\/u><\/strong><\/li>\n<\/ol>\n\n\n\n<p>Tracking-Tools<\/p>\n\n\n\n<p>Die im Folgenden aufgef\u00fchrten und von uns eingesetzten Tracking-Ma\u00dfnahmen werden auf Grundlage des Art.&nbsp;6 Abs.&nbsp;1 S.&nbsp;1 lit.&nbsp;f DSGVO durchgef\u00fchrt. Mit den zum Einsatz kommenden Tracking-Ma\u00dfnahmen wollen wir eine bedarfsgerechte Gestaltung und die fortlaufende Optimierung unserer Webseite sicherstellen. Zum anderen setzen wir die Tracking-Ma\u00dfnahmen ein, um die Nutzung unserer Webseite statistisch zu erfassen und zum Zwecke der Optimierung unseres Angebotes f\u00fcr Sie auszuwerten. Diese Interessen sind als berechtigt im Sinne der vorgenannten Vorschrift anzusehen.<\/p>\n\n\n\n<p>Die jeweiligen Datenverarbeitungszwecke und Datenkategorien sind aus den entsprechenden Tracking-Tools zu entnehmen.<\/p>\n\n\n\n<p>Google Web Fonts<\/p>\n\n\n\n<p>Diese Seite nutzt zur einheitlichen Darstellung von Schriftarten so genannte Web Schriftarten (Fonts) die von der Google Ireland Limited, Gordon House, 4 Barrow St, Dublin, D04 E5W5, Irland (\u201eGoogle\u201c) bereitgestellt werden. Beim Aufruf einer Seite l\u00e4dt Ihr Browser die ben\u00f6tigten Web Fonts in ihren Browser-Cache, um Texte und Schriftarten korrekt anzuzeigen.<\/p>\n\n\n\n<p>Zu diesem Zweck muss der von Ihnen verwendete Browser Verbindung zu den Servern von Google aufnehmen, hierbei kann es auch zu einer \u00dcbermittlung von personenbezogener Daten an die Server der Google LLC. in den USA kommen. Hierdurch erlangt Google Kenntnis dar\u00fcber, dass \u00fcber Ihre IP-Adresse unsere Website aufgerufen wurde. Die Nutzung von Google Web Fonts erfolgt im Interesse einer einheitlichen und ansprechenden Darstellung unserer Online-Angebote. Dies stellt ein berechtigtes Interesse im Sinne von Art. 6 Abs. 1 lit. f DSGVO dar. Wenn Ihr Browser Web Fonts nicht unterst\u00fctzt, wird eine Standardschrift von Ihrem Computer genutzt.<\/p>\n\n\n\n<p>F\u00fcr den Fall der \u00dcbermittlung von personenbezogenen Daten an die Google LLC. mit Sitz in den USA, hat sich Google LLC. f\u00fcr das us-europ\u00e4ische Datenschutz\u00fcbereinkommen \u201ePrivacy Shield\u201c zertifiziert, welches die Einhaltung des in der EU geltenden Datenschutzniveaus gew\u00e4hrleistet. Ein aktuelles Zertifikat kann hier eingesehen werden: <a href=\"https:\/\/www.privacyshield.gov\/list\">https:\/\/www.privacyshield.gov\/list<\/a><\/p>\n\n\n\n<p>Weiterf\u00fchrende Informationen zu Google Web Fonts sowie die Datenschutzerkl\u00e4rung von Google k\u00f6nnen Sie einsehen unter: <a href=\"https:\/\/www.google.com\/intl\/de\/policies\/privacy\/\">https:\/\/www.google.com\/intl\/de\/policies\/privacy\/<\/a><\/p>\n\n\n\n<p><strong><u>Google Analytics<\/u><\/strong><\/p>\n\n\n\n<p>Zum Zwecke der bedarfsgerechten Gestaltung und fortlaufenden Optimierung unserer Seiten nutzen wir Google Analytics, ein Webanalysedienst der Google Inc. (https:\/\/www.google.de\/intl\/de\/about\/) (1600 Amphitheatre Parkway, Mountain View, CA 94043, USA; im Folgenden \u201eGoogle\u201c). In diesem Zusammenhang werden pseudonymisierte Nutzungsprofile erstellt und Cookies (siehe unter Ziff. 4) verwendet. Die durch den Cookie erzeugten Informationen \u00fcber Ihre Benutzung dieser Website wie<\/p>\n\n\n\n<p>\u2013 Browser-Typ\/-Version,<\/p>\n\n\n\n<p>\u2013 verwendetes Betriebssystem,<\/p>\n\n\n\n<p>\u2013 Referrer-URL (die zuvor besuchte Seite),<\/p>\n\n\n\n<p>\u2013 Hostname des zugreifenden Rechners (IP-Adresse),<\/p>\n\n\n\n<p>\u2013 Uhrzeit der Serveranfrage,<\/p>\n\n\n\n<p>werden an einen Server von Google in den USA \u00fcbertragen und dort gespeichert.<\/p>\n\n\n\n<p>Die Informationen werden verwendet, um die Nutzung der Website auszuwerten, um Reports \u00fcber die Websiteaktivit\u00e4ten zusammenzustellen und um weitere mit der Websitenutzung und der Internetnutzung verbundene Dienstleistungen zu Zwecken der Marktforschung und bedarfsgerechten Gestaltung dieser Internetseiten zu erbringen. Auch werden diese Informationen gegebenenfalls an Dritte \u00fcbertragen, sofern dies gesetzlich vorgeschrieben ist oder soweit Dritte diese Daten im Auftrag verarbeiten.<\/p>\n\n\n\n<p>Es wird in keinem Fall Ihre IP-Adresse mit anderen Daten von Google zusammengef\u00fchrt. Die IP-Adressen werden anonymisiert, so dass eine Zuordnung nicht m\u00f6glich ist (IP-Masking). Sie k\u00f6nnen die Installation der Cookies durch eine entsprechende Einstellung der Browser-Software verhindern; wir weisen jedoch darauf hin, dass in diesem Fall gegebenenfalls nicht s\u00e4mtliche Funktionen dieser Website vollumf\u00e4nglich genutzt werden k\u00f6nnen.<\/p>\n\n\n\n<p>Sie k\u00f6nnen dar\u00fcber hinaus die Erfassung der durch das Cookie erzeugten und auf Ihre Nutzung der Website bezogenen Daten (inkl. Ihrer IP-Adresse) sowie die Verarbeitung dieser Daten durch Google verhindern, indem Sie ein Browser-Add-on herunterladen und installieren (<a href=\"https:\/\/www.industrietechnik-schneider.de\/datenschutz\/_wp_link_placeholder\">https:\/\/tools.google.com\/dlpage\/gaoptout?hl=de<\/a>). Alternativ zum Browser-Add-on, insbesondere bei Browsern auf mobilen Endger\u00e4ten, k\u00f6nnen Sie die Erfassung durch Google Analytics zudem verhindern, indem Sie auf diesen Link klicken.<\/p>\n\n\n\n<p>Es wird ein Opt-out-Cookie gesetzt, das die zuk\u00fcnftige Erfassung Ihrer Daten beim Besuch dieser Website verhindert. Der Opt-out-Cookie gilt nur in diesem Browser und nur f\u00fcr unsere Website und wird auf Ihrem Ger\u00e4t abgelegt. L\u00f6schen Sie die Cookies in diesem Browser, m\u00fcssen Sie das Opt-out-Cookie erneut setzen. Weitere Informationen zum Datenschutz im Zusammenhang mit Google Analytics finden Sie etwa in der Google Analytics-Hilfe (https:\/\/support.google.com\/analytics\/answer\/6004245?hl=de).<\/p>\n\n\n\n<p>OpenStreetMap<\/p>\n\n\n\n<p>Unsere Seite nutzt \u00fcber eine API das Open-Source-Karten-Werkzeug \u201eOpenStreetMap\u201c (OSM). Anbieter ist die OpenStreetMap Foundation. Zur Nutzung der Funktionen von OpenStreetMap ist es notwendig, Ihre IP Adresse zu speichern. Diese Informationen werden in der Regel an einen Server von OpenStreetMap \u00fcbertragen und dort gespeichert. Wir als Anbieter dieser Seite haben keinen Einfluss auf diese Daten\u00fcbertragung. Die Nutzung von OpenStreetMap erfolgt im Interesse einer ansprechenden Darstellung unserer Vereinsseite und an einer leichten Auffindbarkeit unserer Vereinsadresse und des Standortes unseres Vereinsgel\u00e4ndes.<\/p>\n\n\n\n<p>Dies stellt ein berechtigtes Interesse im Sinne von Art. 6 Abs. 1 lit. f DSGVO dar. Mehr Informationen zum Projekt OpenStreetMap und dem Umgang mit Nutzerdaten finden Sie hier <a href=\"https:\/\/wiki.openstreetmap.org\/wiki\/DE:FAQ\">https:\/\/wiki.openstreetmap.org\/wiki\/DE:FAQ<\/a> und auf der Datenschutzseite von OpenStreetMap <a href=\"https:\/\/wiki.osmfoundation.org\/wiki\/Privacy_Policy\">https:\/\/wiki.osmfoundation.org\/wiki\/Privacy_Policy<\/a> .<\/p>\n\n\n\n<ol class=\"wp-block-list\" start=\"6\">\n<li><strong><u>Welche Rechte haben Sie im Hinblick auf Ihre Daten?<\/u><\/strong><\/li>\n<\/ol>\n\n\n\n<p>Sie haben das Recht:<\/p>\n\n\n\n<ul class=\"wp-block-list\">\n<li>gem\u00e4\u00df Art. 15 DSGVO <strong>Auskunft<\/strong> zu verlangen;<\/li>\n\n\n\n<li>gem\u00e4\u00df Art. 16 DSGVO <strong>Berichtigung<\/strong> zu verlangen;<\/li>\n\n\n\n<li>gem\u00e4\u00df Art. 17 DSGVO <strong>L\u00f6schung<\/strong> zu verlangen;<\/li>\n\n\n\n<li>gem\u00e4\u00df Art. 18 DSGVO die <strong>Einschr\u00e4nkung der Verarbeitung<\/strong> zu verlangen;<\/li>\n\n\n\n<li>gem\u00e4\u00df \u00a7 21 <strong>Widerspruch<\/strong> gegen die Verarbeitung einzulegen;<\/li>\n\n\n\n<li>gem\u00e4\u00df Art. 20 DSGVO eine <strong>strukturierte Daten\u00fcbertragbarkeit<\/strong> zu verlangen;<\/li>\n\n\n\n<li>gem\u00e4\u00df Art. 7 Abs. 3 DSGVO Ihre einmal erteilte <strong>Einwilligung jederzeit widerrufen<\/strong> zu k\u00f6nnen. Dies hat zur Folge, dass wir die Datenverarbeitung, die auf dieser Einwilligung beruhte, f\u00fcr die Zukunft nicht mehr fortf\u00fchren d\u00fcrfen und<\/li>\n\n\n\n<li>gem\u00e4\u00df Art. 77 DSGVO sich bei einer <strong>Aufsichtsbeh\u00f6rde zu beschweren<\/strong>. In der Regel k\u00f6nnen Sie sich hierf\u00fcr an die Aufsichtsbeh\u00f6rde Ihres \u00fcblichen Aufenthaltsortes oder Arbeitsplatzes oder unseres Gesch\u00e4ftssitzes wenden.<\/li>\n<\/ul>\n\n\n\n<ol class=\"wp-block-list\" start=\"7\">\n<li><strong><u>Wie k\u00f6nnen Sie von Ihrem Widerspruchsrecht Gebrauch machen?<\/u><\/strong><\/li>\n<\/ol>\n\n\n\n<p>Sofern Ihre personenbezogenen Daten auf Grundlage von berechtigten Interessen gem\u00e4\u00df Art.&nbsp;6 Abs.&nbsp;1 S.&nbsp;1 lit.&nbsp;f DSGVO verarbeitet werden, haben Sie das Recht, gem\u00e4\u00df Art.&nbsp;21 DSGVO Widerspruch gegen die Verarbeitung Ihrer personenbezogenen Daten einzulegen, soweit daf\u00fcr Gr\u00fcnde vorliegen, die sich aus Ihrer besonderen Situation ergeben oder sich der Widerspruch gegen Direktwerbung richtet. Im letzteren Fall haben Sie ein generelles Widerspruchsrecht, das ohne Angabe einer besonderen Situation von uns umgesetzt wird.<\/p>\n\n\n\n<p>M\u00f6chten Sie von Ihrem Widerrufs- oder Widerspruchsrecht Gebrauch machen, gen\u00fcgt eine E-Mail an&nbsp;<a href=\"mailto:info@indutrietechnik-schulder.de\">info@industrietechnik-schulder.de<\/a><\/p>\n\n\n\n<ol class=\"wp-block-list\" start=\"8\">\n<li><strong><u>Wie wird die Datensicherheit gew\u00e4hrleistet?<\/u><\/strong><\/li>\n<\/ol>\n\n\n\n<p>Wir verwenden innerhalb des Website-Besuchs das verbreitete SSL-Verfahren (Secure Socket Layer) in Verbindung mit der jeweils h\u00f6chsten Verschl\u00fcsselungsstufe, die von Ihrem Browser unterst\u00fctzt wird. In der Regel handelt es sich dabei um eine 256 Bit Verschl\u00fcsselung. Falls Ihr Browser keine 256-Bit Verschl\u00fcsselung unterst\u00fctzt, greifen wir stattdessen auf 128-Bit v3 Technologie zur\u00fcck. Ob eine einzelne Seite unseres Internetauftrittes verschl\u00fcsselt \u00fcbertragen wird, erkennen Sie an der geschlossenen Darstellung des Sch\u00fcssel- beziehungsweise Schloss-Symbols je nach dem von Ihnen verwendetem Browser in der unteren oder oberen Statusleiste.<\/p>\n\n\n\n<p>Wir bedienen uns im \u00dcbrigen geeigneter technischer und organisatorischer Sicherheitsma\u00dfnahmen, um Ihre Daten gegen zuf\u00e4llige oder vors\u00e4tzliche Manipulationen, teilweisen oder vollst\u00e4ndigen Verlust, Zerst\u00f6rung oder gegen den unbefugten Zugriff Dritter zu sch\u00fctzen.<\/p>\n\n\n\n<p>Unsere Sicherheitsma\u00dfnahmen werden entsprechend der technologischen Entwicklung fortlaufend verbessert.<\/p>\n\n\n\n<ol class=\"wp-block-list\" start=\"9\">\n<li><strong><u>Aktualit\u00e4t und \u00c4nderung dieser Datenschutzerkl\u00e4rung<\/u><\/strong><\/li>\n<\/ol>\n\n\n\n<p>Diese Datenschutzerkl\u00e4rung ist aktuell g\u00fcltig und hat den Stand: Juli 2019.<\/p>\n\n\n\n<p class=\"has-black-color has-text-color\">Durch die Weiterentwicklung unserer Website und Angebote dar\u00fcber oder aufgrund ge\u00e4nderter gesetzlicher beziehungsweise beh\u00f6rdlicher Vorgaben kann es notwendig werden, diese Datenschutzerkl\u00e4rung zu \u00e4ndern. Die jeweils aktuelle Datenschutzerkl\u00e4rung kann jederzeit auf der Website&nbsp; unter&nbsp;<a href=\"https:\/\/www.industrietechnik-schneider.de\/datenschutz\/\" target=\"_blank\" rel=\"noreferrer noopener\">https:\/\/www.industrietechnik-schulder.de\/datenschutz\/<\/a> von Ihnen abgerufen und ausgedruckt werden.<\/p>\n<\/div><\/div>\n\n\n\n<div style=\"height:100px\" aria-hidden=\"true\" class=\"wp-block-spacer\"><\/div>\n","protected":false},"excerpt":{"rendered":"<p>Wer ist f\u00fcr die Erhebung Ihrer Daten verantwortlich? Diese Datenschutz-Information gilt f\u00fcr die Datenverarbeitung durch: Verantwortlicher: Hans-Uwe Schulder Industrietechnik Schulder Schindelrangen 2 D-91245 Simmelsdorf Deutschland Email: info@industrietechnik-schulder.de Telefon: +49 9155 679 2960 Beim Aufrufen unserer Website&nbsp;www.industrietechnik-schulder.de werden durch den auf Ihrem Endger\u00e4t zum Einsatz kommenden Browser automatisch Informationen an den Server unserer Website gesendet. Diese &hellip; <\/p>\n<p class=\"link-more\"><a href=\"https:\/\/industrietechnik-schulder.de\/?page_id=23\" class=\"more-link\">Mehr <span class=\"screen-reader-text\">\u00fcber &#8222;Datenschutz&#8220; <\/span>Lesen<\/a><\/p>\n","protected":false},"author":1,"featured_media":0,"parent":2,"menu_order":0,"comment_status":"closed","ping_status":"closed","template":"page-templates\/homepage-builder-bb.php","meta":{"footnotes":""},"class_list":["post-23","page","type-page","status-publish","hentry"],"_links":{"self":[{"href":"https:\/\/industrietechnik-schulder.de\/index.php?rest_route=\/wp\/v2\/pages\/23","targetHints":{"allow":["GET"]}}],"collection":[{"href":"https:\/\/industrietechnik-schulder.de\/index.php?rest_route=\/wp\/v2\/pages"}],"about":[{"href":"https:\/\/industrietechnik-schulder.de\/index.php?rest_route=\/wp\/v2\/types\/page"}],"author":[{"embeddable":true,"href":"https:\/\/industrietechnik-schulder.de\/index.php?rest_route=\/wp\/v2\/users\/1"}],"replies":[{"embeddable":true,"href":"https:\/\/industrietechnik-schulder.de\/index.php?rest_route=%2Fwp%2Fv2%2Fcomments&post=23"}],"version-history":[{"count":7,"href":"https:\/\/industrietechnik-schulder.de\/index.php?rest_route=\/wp\/v2\/pages\/23\/revisions"}],"predecessor-version":[{"id":87,"href":"https:\/\/industrietechnik-schulder.de\/index.php?rest_route=\/wp\/v2\/pages\/23\/revisions\/87"}],"up":[{"embeddable":true,"href":"https:\/\/industrietechnik-schulder.de\/index.php?rest_route=\/wp\/v2\/pages\/2"}],"wp:attachment":[{"href":"https:\/\/industrietechnik-schulder.de\/index.php?rest_route=%2Fwp%2Fv2%2Fmedia&parent=23"}],"curies":[{"name":"wp","href":"https:\/\/api.w.org\/{rel}","templated":true}]}}